l**2 + 2*l. Suppose 5*f = -56 + 161. Suppose -f + 49 = -7*w. Determine b(w).
-13
Let a be 2*(-5 - (-14)/(-4)). Let i be (-100)/a - (-4)/34. Let k(m) = -m**2 + 9*m - 15. Calculate k(i).
3
Let x(w) = 34*w + 8. Suppose -3*l - 3*g - 67 = -58, 3*l = -4*g - 7. Determine x(l).
-162
Let t(x) = 82*x - 94. Let v be t(3). Let c(f) = -8 + 5 - 152*f + 306*f - v*f - 7. What is c(7)?
4
Let f(l) = -6*l + 2. Let n be f(-1). Suppose -5*d - 12 = -n*d. Suppose -d*m + 10 = 26. Let r(s) = s**3 + 5*s**2 + 4*s - 5. What is r(m)?
-5
Let m(h) be the second derivative of 1/3*h**3 + 0 + 9/2*h**2 - 6*h. Suppose -3*l - 24 = -3. Calculate m(l).
-5
Let l(s) = 3*s**3 - 2*s**2 - 6*s - 6. Let v be 1 + -10 - 1*(-84)/12*1. What is l(v)?
-26
Let k = 12 - 5. Let h(r) = 10*r**2 - 6*r + 4. Let v(f) = 57*f**2 - 37*f + 22. Let l(t) = 17*h(t) - 3*v(t). What is l(k)?
16
Suppose 126*l + 903 = -9*l + 6*l. Let i(b) = 3*b**2 + 17*b - 3. Give i(l).
25
Let i(j) = 36*j**2 - 391*j - 57. Let t be i(11). Let m(a) be the third derivative of a**6/120 - a**5/60 - a**4/8 - a**3/3 - a**2. Calculate m(t).
-8
Let q(n) = -n**2 + 4*n - 2. Let m be (-18)/(-4)*(-360)/27. Let x be (2/5)/((-6)/m). Suppose -k = -2, 4*o = o + x*k + 7. Give q(o).
-7
Let m be -7 - -5 - (-2 - 0). Suppose -2*w + 5*u - 11 = 0, 2*u - 8 = -w - m. Let c(s) = -1 + 2 + s + w*s - 13*s. Calculate c(-1).
11
Let x = 26 - 28. Let q = 23 - 11. Let o(u) = q*u**2 + 3 - 2*u**2 + 3*u - 6*u**2. Calculate o(x).
13
Let o(d) be the second derivative of -d**5/60 + 5*d**4/12 - 35*d**2 + 67*d. Let m(s) be the first derivative of o(s). Give m(11).
-11
Let p(c) = 33*c - 200. Let d be p(6). Let j = -5 - -7. Let r(y) = 3*y + 2*y**j + y + y**3 + 0*y**2 - 2*y. Calculate r(d).
-4
Suppose 0 = -7*j + 9*j - 2*g - 44, -j + 27 = 4*g. Suppose 0 = -j*y + 42*y + 38. Let p(i) = i**3 - 2*i - 2. Calculate p(y).
-6
Let i(w) = -2*w**2 - 882*w - 873*w + 3*w**2 + 117 + 1770*w - 2*w**2. Calculate i(20).
17
Suppose -4*m + 3*o + 35 = 0, -3*m - o = -0 - 10. Let a(c) = c**2 - 8*c + 14. Let h be a(m). Let r(q) = -5*q - 1. What is r(h)?
4
Let t(q) = q**3 - 16*q**2 - 40*q + 71. Let z be t(18). Let s(m) = -1 + 0 + 0. Let g(b) = b**3 - 9*b**2 + 6*b + 7. Let p(v) = z*g(v) + 3*s(v). Determine p(8).
6
Let q(m) = 14*m**2 - 2*m - 7. Suppose a + 2*a - 2*o = 0, -4*o - 6 = -2*o. Determine q(a).
53
Let q(z) = 5*z**2 - 29*z - 1. Let t be q(6). Let p(l) = 3 + 96*l + 94*l - 196*l. Give p(t).
-27
Let k(h) = -h**3 - 2*h - 3. Let x(y) = y + 6. Let v be x(-1). Let o be v/1 + 10 + -19 + 1. Calculate k(o).
30
Let b(m) be the first derivative of -6*m**2 + 192*m + 2094. What is b(15)?
12
Let s(o) = o**2 + 13*o + 42. Let l(b) = b**3 - 7*b**2 + 11*b - 36. Let w be l(6). Give s(w).
0
Suppose 0 = 5*j - z + 9 - 5, -9 = 5*j + 4*z. Let l(d) = -33*d**2 - 5*d + 1. Let p(c) = 33*c**2 + 4*c - 1. Let g(m) = 5*l(m) + 6*p(m). Give g(j).
33
Let d(w) be the third derivative of -1/360*w**6 - 1/24*w**4 - 1/6*w**3 + 0 + 1/15*w**5 + 5*w**2 + 0*w. Let u(b) be the first derivative of d(b). Give u(6).
11
Let p(g) = 4 - 122*g + 128*g + 21 + 3. Give p(9).
82
Let j be 0/1 - (-39 + -14). Let c = j - 21. Suppose -5*b - 3*b = -c. Let g(f) = f**3 - 3*f**2 - 2*f + 2. What is g(b)?
10
Let t(y) = y**2 + 1. Let w(u) = 7*u**2 - 4*u + 2. Let q(b) = -3*t(b) + w(b). Suppose -n + s + 12 = 0, 6*s = 10*s + 20. Suppose -7*m - n = -28. What is q(m)?
23
Let a(z) = z**2 - z - 7. Let p be a(-6). Let w = 31 - p. Let t(x) be the first derivative of -x**2/2 - 5*x - 2. Give t(w).
-1
Let s(p) = -20 - 29 - 411646*p + 411638*p. Give s(-5).
-9
Suppose -7 + 97 = 10*j. Let b(k) = k - 12*k + j + k**2 + 4*k. Give b(4).
-3
Suppose -36*y + 70*y = -578. Let l(g) = g**3 + 19*g**2 + 35*g + 21. What is l(y)?
4
Let q(o) be the third derivative of 8*o**2 + 3*o**3 + 1/360*o**6 + 1/40*o**5 + 0*o + 0 - 1/24*o**4. Let g(d) be the first derivative of q(d). Calculate g(-4).
3
Let p(z) = 6*z - 5. Let n(d) = d - 1. Let t(s) = -10*n(s) + 2*p(s). Let m(c) = -16*c + 1. Let q(a) = 2*m(a) + 14*t(a). Calculate q(-6).
26
Let d(i) = -3*i**2 - 10*i + 5. Let j(s) = s**2 + 5*s - 2. Let z be (-10)/3*66/(-44). Suppose -12 = z*x + x. Let q(p) = x*d(p) - 5*j(p). Give q(4).
-4
Let o(b) be the third derivative of 76*b**2 - 1/2*b**3 + 1/3*b**4 + 1/60*b**5 + 0*b + 0. Let c be (-1)/6 + (-82)/12. What is o(c)?
-10
Suppose 4*s + 12*d - 21 = 17*d, d + 17 = 4*s. Let c(b) = -4*b**3 + 12*b**2 + 5*b - 1. What is c(s)?
-45
Let q(z) = -z**3 - 4*z**2 - 1. Let i be 57/(5*(-2 - (-43)/20)). Let y = 74 - i. Determine q(y).
-9
Let h be (-8 - 42/(-5))*-90. Let f be (-2)/((-8)/(-22)) - h/72. Let b(c) = 2*c + 2*c + 6*c**2 + 4*c**3 - 3*c**3 - 1. What is b(f)?
4
Suppose 2100 = -26*d + 7560. Let j be (-2)/5 - 126/d. Let f(s) = 6*s - 1. What is f(j)?
-7
Let z(f) = -441 - f**3 + f + 0*f + 442. What is z(0)?
1
Let i(m) = 2*m**3 - 16*m**2 - 24*m + 15. Let a(q) = -3*q**3 + 24*q**2 + 36*q - 23. Suppose -136 = -24*p + 32. Let g(y) = p*i(y) + 5*a(y). Give g(9).
17
Let v(h) = 4*h + 10. Let w = 38927 + -38919. Determine v(w).
42
Let o(f) = 3063 + 3064 - 9196 + f + 3062. Suppose 0 = -20*k + 54 - 174. Determine o(k).
-13
Suppose 4*s + 234 = -178. Let b = s - -107. Let x(j) = -3*j + 2 + 0*j - j + 0*j. What is x(b)?
-14
Let y be (-10)/2 + (14 - 15). Let d(q) be the second derivative of -7/2*q**2 - 1/12*q**4 + 0 + 3*q - 7/6*q**3. Give d(y).
-1
Suppose -38*x = -23*x + 48*x. Let q(p) = 15 - p - p + 3*p. Calculate q(x).
15
Suppose -12*b + 152 - 20 = 0. Let j(u) be the first derivative of u**2/2 - u + 158. Give j(b).
10
Let h(b) = -9*b**2 + 23*b + 16. Let z(g) = 5*g**2 - 13*g - 8. Let c(f) = -6*h(f) - 11*z(f). Give c(0).
-8
Let f be 4/(-10) + (-36)/60. Let v(o) = -11*o - 2. Let d(n) = -n. Let c(k) = 5*d(k) - v(k). Give c(f).
-4
Suppose 13*k = 24*k - 14*k + 30. Let x(n) = -5*n + 59. Determine x(k).
9
Let q(o) = 0*o**2 - 1 + o**3 - 4*o**2 + 3*o - 2. Let k be (-1243)/(-452) - (1/(-4) - 0). Calculate q(k).
-3
Let k(s) = 82*s + 39. Let o(d) = -65*d - 40. Let a(n) = -4*k(n) - 5*o(n). Give a(17).
-7
Let q = 33133 + -33129. Let k(b) be the second derivative of -b**5/20 + b**4/4 + 5*b**3/6 - 2*b**2 + 2*b. Give k(q).
0
Let z = 70 - 168. Let t = 49 + z. Let n = 46 + t. Let k(f) = -f - 3. Calculate k(n).
0
Let f = 123 + -116. Let c(h) = -6 - 3*h - 40*h**3 + 6*h**2 + f*h**3 + 14*h**3 + 18*h**3. Give c(5).
4
Let p(g) = 3*g**2 - 11*g - 5. Let w be (3 + 86/(-18))/((-4)/18). Determine p(w).
99
Let b(c) be the second derivative of 1/2*c**3 + 5*c**2 + 0 + 36*c. Suppose 0 = -5*i - 6 - 29. Give b(i).
-11
Let c(b) = b**2 - 9*b + 10. Let l be 150*(1/2 + 1 + -1). Suppose 8*g + l - 123 = 0. Calculate c(g).
-8
Suppose 23*p - 28*p + 5 = 2*j, -p - 5*j + 24 = 0. Let a = 14 + -12. Let i(o) = -1 + 10*o - o**a - 8*o - 4*o - o**2. What is i(p)?
-1
Let w(x) = 5*x - 3. Let i(r) = 4*r - 16. Let y(a) = -2*i(a) + 3*w(a). Give y(-12).
-61
Suppose u - 143 = -3*i, i - 43 = -13*u + 8*u. Suppose -61*v + i*v = 65. Let k(m) = -4*m - 14. Give k(v).
6
Let g(k) be the second derivative of k**5/20 - k**4/6 - k**3/6 - k**2 - 2*k + 3971. Suppose -o - 8 = 3*o. What is g(o)?
-16
Let y be (-3 + -63)*((-3)/(-6))/(18/(-12)). Let x(w) = w**2 - 22*w + 49. Calculate x(y).
49
Let k = 1129 + -1118. Let r(b) = -b**3 - 6*b**2 - 2*b - 9. Let n be r(-6). Let g(j) = 6*j**2 - 18 + 0 - j + k + j**n. Calculate g(-6).
-1
Let g(x) = -5*x + 1. Let t be g(-4). Let l = 23 - t. Let b(w) = -5*w**l + w - w**2 + w + 5*w**2. Calculate b(3).
-3
Let v be -1 - (1 + (-1 - 0)). Let y(u) = u**2 - 5*u + 2. Let t be y(0). Let n(m) = -690*m**t - 1 + 690*m**2 - m + 12*m**3. Give n(v).
-12
Let i(b) = 5*b**2 - 14*b + 5. Let v(t) = t**2 - 6*t + 4. Let u(f) = -2*f**2 + 10*f - 6. Let k(x) = -5*u(x) - 7*v(x). Let h(p) = 4*i(p) - 7*k(p). Calculate h(0).
6
Let w(p) = -2*p**2 + p - 2. Let j(c) = -15*c**2 + 166*c + 12. Let m(g) = j(g) - 2*w(g). Calculate m(15).
1
Let m = -91 - -92. Let g be (15/(-18) + 4/12)*-10. Let l(z) = m + g*z - 4 - 5*z + z**2 + 3*z. Give l(-3).
-3
Let z(d) = -30*d + 18. Let i be z(1). Let j(n) = -n**3 - 11*n**2 + 11*n - 19. Give j(i).
-7
Suppose 3*d - 5 - 4 = 0. Let u(m) = -2*m + d*m - 1 + 6. Suppose -138078*j = -137885*j + 772. Calculate u(j).
1
Let w(z) = 20*z + 31. Let o(q) = 5*q**2 - 246*q + 47. Let v be o(49). Calculate w(v).
-9
Let o(i) be the second derivative of -i**7/2520 + i**6/240 - i**5/30 - 19*